8 = -2*l. What is the tens digit of (-6)/11 - (-31140)/l?
1
Let b(m) be the second derivative of 3*m**4/4 + 17*m**3/6 - 26*m**2 + 134*m. What is the hundreds digit of b(10)?
0
What is the tens digit of 4/(-5) - (-1691)/19*21609/45?
3
Suppose -12*j = -10*j + 88. Let b = -42 - j. Suppose b*v - 3*q - 330 = 0, -3*q + 330 = 2*v + 2*q. What is the hundreds digit of v?
1
Let k(q) = 10*q**2 + 2*q + 7. Suppose -x + 1 = 7. What is the units digit of k(x)?
5
Let k = 95594 + -41391. What is the thousands digit of k?
4
Suppose -3*d - 18 = 3*d. Let a be (d*8)/((-6)/(-15)). Let w = 123 + a. What is the units digit of w?
3
Let q be (9/(-6))/(4/(-40)). Let t(c) = -12 - 6 + 4 + q*c. What is the tens digit of t(4)?
4
Let h(l) = -26*l + 78. Let x be h(3). Let c(n) = -n**3 - 2*n**2 - n + 877. What is the units digit of c(x)?
7
Let a = 152 + -152. Suppose 0 = -2*l + 8, 5*r + l = -a*l + 684. What is the hundreds digit of r?
1
Let p be (-6)/2*4*(-10)/40. Suppose 0 = 5*o - 4*r - 1201, 478 = p*o + 3*r - 248. What is the units digit of o?
1
Let c be 34/(-119) + 46048/7. Suppose -1858 = 8*a - c. What is the units digit of a?
0
Let b(u) = u + 23. Let w be b(-18). Suppose 6*d - 4113 = -5*h + 7*d, w*d + 1659 = 2*h. What is the units digit of h?
2
Suppose 5*t = -10, -13*p + 16*p + 20 = -4*t. Let y(v) = 2*v**2 - 6*v - 14. What is the units digit of y(p)?
2
Let d(y) = 3*y**2 - y**2 + 13*y**2 - y**3 - 6 - 4*y. Let c be ((-51)/18)/17 + 255/18. What is the units digit of d(c)?
4
Let i = 16826 - 9234. What is the thousands digit of i?
7
Suppose 3*v = -497 + 803. Suppose 24*o - 2094 + v = 0. What is the units digit of o?
3
Let c = -2 - -13. Suppose -12 = -328*j + 322*j. What is the units digit of j/(-11) - (-2213)/c?
1
Let p(a) = 6*a**2 - 10*a + 4. Let w be p(3). Suppose l - r - 1063 = 0, -4255 = -32*l + w*l + 3*r. What is the units digit of l?
6
Let a(h) = h**3 + 26*h**2 - 23*h + 113. Let x be a(-27). Suppose -3*w - 1 = -13, -x*m - 3*w = -9877. What is the units digit of m?
3
Let d = 850 - 333. Let s = 799 - d. What is the hundreds digit of s?
2
Let v be 4 + 5/(30/4572). Let y = -528 + v. What is the hundreds digit of y?
2
Suppose 0 = 5*l + 6695 + 5045. Let u = -1242 - l. What is the hundreds digit of u?
1
Let i(d) = 133*d - 1626. What is the hundreds digit of i(41)?
8
Let l(s) = 52*s - 109. Let i be l(11). Let r = i + -143. What is the units digit of r?
0
What is the units digit of -1 - 2*3*(-6501)/18?
6
What is the thousands digit of 2337 + 2 + (3 - 3)?
2
Let g(h) = 532*h - 13836. What is the tens digit of g(144)?
7
Let t(y) = y. Let u be t(3). Suppose -u*v + 13 = -b, 5*b + 4*v = 3 + 27. Suppose b*j = 14*j - 1620. What is the tens digit of j?
3
Let v be (-2382)/(-10) - -1 - (-36)/(-180). Let n = 369 + v. What is the tens digit of n?
0
Suppose -8*m - 2*z + 573 = -13*m, -5*m = -z + 569. Let f = 250 + m. What is the hundreds digit of f?
1
Let j = 27313 - 18850. What is the tens digit of j?
6
Suppose -146*i = -160*i + 70. Suppose i*t = v + 3194, -5*t - 59*v = -58*v - 3186. What is the hundreds digit of t?
6
Suppose -5*r - 5*p - 20 = -0*p, -4*r = -2*p + 4. Let m be (-37 + 4)/(3/r). Let t = -13 + m. What is the units digit of t?
9
Let x(c) = c**2 + c. Let n(b) be the third derivative of -b**5/60 - 11*b**4/24 - 2*b**3/3 - 9*b**2. Let v(d) = n(d) + 2*x(d). What is the tens digit of v(13)?
4
Let j = 47755 - 14007. What is the units digit of j?
8
Let c = -4445 - -14482. What is the units digit of c?
7
Suppose -66837 = -5*z - 3*k, 4*k = -5*z + 44752 + 22084. What is the units digit of z?
8
Suppose 22*z - 19*z = 15. Let h(o) be the third derivative of 3*o**4/8 + 5*o**3/2 + 7*o**2. What is the units digit of h(z)?
0
Suppose -7*t + 273 = -35. Let q = -40 + t. What is the tens digit of q/(1*-8)*-22?
1
Let y(i) = 36*i - 103. Let j be (-83)/(-747) - (-224)/9. What is the hundreds digit of y(j)?
7
Let y(n) = 118*n + 11. Let b(k) = 127*k + 1. Let w(a) = 63*a + 1. Let q(z) = -4*b(z) + 9*w(z). Let v(t) = 5*q(t) - 2*y(t). What is the units digit of v(2)?
1
What is the units digit of (0 + (-1320)/(-77))/((-4)/(-588))?
0
Let f = 69099 + -28669. What is the thousands digit of f?
0
Let s = -22 - -78. Let j(u) = -u**3 - 2*u**2 - 14*u - 24. Let l be j(-2). Suppose -l*g + 2*g = -s. What is the tens digit of g?
2
Suppose 106*a - 102*a - 620 = 0. Let w = a - 91. Suppose 0*s = 2*k + 3*s - 38, 3*s - w = -4*k. What is the tens digit of k?
1
Let l(j) = -4*j - 53. Let k be l(-14). Suppose 2*a + 2*u - k*u = -34, 0 = 3*a + 2*u + 37. Let r = 57 + a. What is the tens digit of r?
4
Let l(b) = b**3 + b + 632. Let u be l(0). Let w = 263 - 631. Let q = w + u. What is the tens digit of q?
6
Let v = -4181 + 9258. What is the thousands digit of v?
5
Suppose 5*p + 82 = -3*t, -2*p - 16 = -2*t + 4. Let r = p + -19. What is the units digit of (7 - 2)*(-20)/75*r?
4
Let x(i) = i**3 - 8*i**2 + 5. Let p be x(8). Suppose -4*r + 3*q = 117, -p*r + 10*r + 148 = 2*q. What is the units digit of r/(33/(-27) - -1)?
5
Let s be 2/6 - (-10)/6. Suppose 4 = y + s. Suppose 3*f + 143 = 2*w - 2*f, f + 123 = y*w. What is the units digit of w?
9
Let d(b) = 8*b**2 + 12*b - 9. Let p be d(-3). Let x(z) = z + 14. What is the tens digit of x(p)?
4
Let d(y) = -3*y**2 - 31*y - 160. Let g be d(-5). Let s = 70 - g. What is the units digit of s?
0
Let p = -22 + 15. Let r(a) = a + 9. Let q be r(p). Suppose q*z = -2*s + 268, -2*s + 0*z - 5*z + 262 = 0. What is the units digit of s?
6
Let r(j) = 2*j**3 + j**2 + 4*j - 7. Let s be r(-7). Let m = s + 1172. Suppose -6*a = -m - 706. What is the units digit of a?
1
Let g(w) = 227 - 6*w - 3*w - w + 9*w. What is the units digit of g(28)?
9
Let l = 365 - 657. Let h = 412 + l. Suppose 31 = -c + h. What is the tens digit of c?
8
Suppose -10*r + 701975 = -0*r + 15*r. What is the hundreds digit of r?
0
Let p = 124 - 112. What is the units digit of ((-2041)/26)/(2/p*-1)?
1
Suppose -9*o - 24 - 21 = 0. Let a be (-15)/o*1*8/(-6). What is the units digit of ((48/(-10))/a)/(8/20)?
3
Let c be (1*3)/((-10)/1280*12). Let n = 231 + c. What is the hundreds digit of n?
1
What is the thousands digit of (-388266)/(-69) + (-4)/92?
5
Suppose -2*r = -3*d - 13 - 4, 0 = -r + 5*d + 5. Let p be 4/((r/(-75))/(2/(-10))). Suppose 5*q + b = p*b + 445, -5*q + 445 = -b. What is the units digit of q?
9
Let m(q) = -1208 + 596 + 573 + 8*q. Let n be ((-32)/6)/((-2)/6). What is the tens digit of m(n)?
8
Let y(s) = -14230*s - 5233. What is the ten thousands digit of y(-3)?
3
Suppose -5*a - 1485 = 21*n - 24*n, 3*a + 1991 = 4*n. What is the tens digit of n?
0
Let m be ((-4)/(-2) - -2)*1/2. Suppose -5*l + j - 4*j = -724, 0 = -m*l + j + 294. What is the hundreds digit of l?
1
Suppose 0 = 5*u - 1720 - 2360. Suppose 10*z + u = 4*z. Let i = z + 247. What is the tens digit of i?
1
Let x = -1425 - -7876. What is the thousands digit of x?
6
Let s(q) = 3314*q**3 + 13*q**2 - 24*q - 3. What is the thousands digit of s(2)?
6
Suppose 5*o - 419 = 2*m, 3*m = -5*o + 2*o + 243. Let d = o + 236. What is the hundreds digit of d?
3
Let d be -11 - -17 - (0/3 - -6). Suppose d = -a - 4*g + 1166, -5*a - 2*g = -3074 - 2828. What is the tens digit of a?
8
Let d = 16075 + 3429. What is the hundreds digit of d?
5
Let x(o) = 55*o**2 - 410*o + 6. What is the tens digit of x(9)?
7
Let x = -7478 + 22441. What is the tens digit of x?
6
Suppose -51174 = -102*d + 96*d. What is the units digit of d?
9
Let q(b) = 6*b**2 + 14*b + 14. Suppose 36 = 4*o + 64. What is the hundreds digit of q(o)?
2
Let h(a) = a**3 + 11*a**2 - 1. Let w(c) = -3*c + 19. Let d be w(6). Let m be (-7 - 3)/(2 - d). What is the units digit of h(m)?
9
Let h(l) = 6*l + l**2 - 4 + 26*l**2 + 8 - 4*l**2. Let q be h(-2). Let r = q - 28. What is the tens digit of r?
5
Let r(s) = 17*s + 11. Let z be r(-5). Let y = -66 - z. Suppose y*f - u - 80 = 7*f, -3*f + 216 = 3*u. What is the units digit of f?
6
Let x be ((-81)/6)/((-18)/(-48)). Let d = x + 39. Suppose r - 15 = -d*q - 0*q, 3*r - 3*q = 33. What is the units digit of r?
2
Suppose 9*m = 16*m - 98. Suppose 3*z = -4*n + m, -z = 5*n + 1 - 2. What is the units digit of z?
6
Let t(c) = -37*c + 1. Let w be t(-3). Suppose u = -3*u + w. Suppose -u = -d + 41. What is the units digit of d?
9
Let h(n) = 547*n**3 - 13*n**2 + n - 11. What is the ten thousands digit of h(3)?
1
Suppose -4*y + 